*o**2 + 2*o - 4*o. Give r(5).
-15
Let d(a) be the second derivative of -6*a**2 + 0 + 1/3*a**3 - 9*a. Determine d(8).
4
Let d(q) = 2*q + 5*q - 4*q - 2*q - 1. Let n(g) = g**2 + 3*g - 5. Suppose -r = -o - 3, -2*r + 7*r = 3*o + 17. Let w(t) = o*n(t) - 3*d(t). Give w(-2).
2
Let f(w) be the third derivative of -w**6/720 + 7*w**5/120 + 5*w**4/24 + 2*w**2. Let x(n) be the second derivative of f(n). Calculate x(5).
2
Let j(t) = 3*t**3 - 2*t**2 - 2*t - 2. Let g(d) = 7*d**3 - 5*d**2 - 5*d - 5. Let i(r) = -4*g(r) + 9*j(r). Give i(3).
-1
Let g(w) be the second derivative of -w - 1/20*w**5 + 1/3*w**4 + 0 + w**2 - 2/3*w**3. Give g(2).
2
Let f(u) be the third derivative of 1/24*u**4 - u**2 - 2/3*u**3 + 0 + 0*u. Calculate f(3).
-1
Let n(m) = -4*m - 15. Let g(o) = 3*o + 14. Let b(d) = 3*g(d) + 2*n(d). Calculate b(-9).
3
Let z(w) = w. Let k(a) = -a**2 + 5*a - 4. Let j(u) = -k(u) + 3*z(u). Determine j(4).
12
Let u(x) = 4*x - 14. Let v(z) = 7*z - 29. Let r(t) = -5*u(t) + 3*v(t). What is r(0)?
-17
Suppose 0 = q + 3*q - 16. Suppose -23 + 71 = q*k. Suppose -5*u = -u + k. Let v(o) = 2*o + 1. Give v(u).
-5
Suppose -4*w + 2*r = -0*r - 34, 5*r + 50 = 5*w. Let d(y) = -y - 1. Give d(w).
-8
Suppose 3*z = -0*z - 21. Let o(x) = x**3 + 7*x**2 - 3*x - 10. Determine o(z).
11
Let w = 46 + -43. Let x(f) = -f + 3*f + 0*f**2 - 2 - 2*f**2. Calculate x(w).
-14
Let k(b) be the second derivative of -b**5/20 + 5*b**4/12 - 5*b**3/6 + b**2 + 5*b. What is k(3)?
5
Let k(h) = 6 - 22 + 7 + 8 + 4*h - h**2. Give k(4).
-1
Let g(a) = a**3 + 6*a**2 + 6*a + 4. Let b(j) = -3*j**2 - j. Let h be b(1). Calculate g(h).
12
Let r(q) = q**2 + 6*q - 3. Suppose 16 + 11 = -3*t - 3*h, -4*h = 3*t + 30. Calculate r(t).
-3
Suppose 3*y + u + 2 = -0*u, -5*u - 20 = 5*y. Let w(d) = -5*d. What is w(y)?
-5
Let z(k) be the second derivative of 7*k**3/6 - 2*k**2 + 4*k. Let b(h) = h. Let r(y) = 4*b(y) - z(y). What is r(5)?
-11
Let p(r) = 6 + 4*r - 2 + 3*r**2 - 3*r + 0*r - r**3. Calculate p(3).
7
Let u = -18 - -14. Let a(c) = 19*c - 9. Let j(b) = -37*b + 19. Let k(w) = 9*a(w) + 4*j(w). Let s(f) = -4*f + 1. Let z(t) = -6*k(t) - 34*s(t). What is z(u)?
4
Let c = 4 + -2. Let u(h) = h**3 - h**2 - 1. Calculate u(c).
3
Let n(a) be the first derivative of a**5/20 - a**4/4 + a**3/3 - 3*a**2/2 - 5*a - 7. Let j(z) be the first derivative of n(z). Let l = -6 + 8. What is j(l)?
-3
Let m(j) = -j**2 - j - 1. Let h be m(-1). Let o(f) = -3*f**2 - f. Let n be o(h). Let s(w) = -3*w**2 + 1. Determine s(n).
-11
Let f(q) = -q**3 - 2*q**2 + 2*q - 3. Let p be f(-3). Let l(t) be the third derivative of t**4/24 + t**3/3 + 4*t**2. What is l(p)?
2
Let p be (7/(-5) - -2)*5. Let m(u) = -2 + u**2 + p + 5 + 8*u. Let g = 7 - 13. What is m(g)?
-6
Let c(n) = -13*n - 4. Let k be -1 + 4 + 3 + -2. Let z(m) = 12*m + 3. Let a(t) = k*z(t) + 3*c(t). Give a(-1).
-9
Let j(f) be the second derivative of f**5/20 - f**4/6 - f**3/3 - f**2/2 - 6*f. Determine j(-2).
-13
Let c(n) = 5*n**2. Let z(j) = 14*j**2. Let q(t) = -11*c(t) + 4*z(t). Determine q(2).
4
Let k(x) be the second derivative of -x**5/20 - 2*x**4/3 - 4*x**3/3 - 2*x. Determine k(-7).
7
Suppose -5*n = -0*n + 25. Let o(q) = 2*q**2 + 7*q + 3. Calculate o(n).
18
Suppose -a - 3*a = 12. Let u be ((-12)/(-2))/a + 4. Let m(p) = u*p + 1 + 0*p + 5*p. What is m(-1)?
-6
Let s(c) = -c**2 - 3*c + 4. Suppose o + 0 = 2. Suppose -3*n = 3*u + 6, 5 = -2*u - 3*n + o*n. Calculate s(u).
4
Suppose 3*c + 1 = -6*h + h, 2 = -c. Let z(j) be the first derivative of -h - 7/2*j**2 + j. Determine z(-1).
8
Suppose -5*g = 3*z + 26, -37 = 4*g - 13*z + 10*z. Let t(w) = -w**2 - 5*w + 8. Determine t(g).
-6
Suppose 4*a + 6 + 10 = 0. Let w be 4/10 + 8/5. Let u(j) = 3 + 0 + 3*j**w + j**3 - 7 - 3*j. Determine u(a).
-8
Let i(b) = -16*b + 29*b + 1 - 24*b. Determine i(1).
-10
Let i(a) be the third derivative of -a**4/24 + a**3/3 + 6*a**2. Suppose -2 - 8 = -5*o. Calculate i(o).
0
Let y be (-8)/3*3/(-2). Let d(j) = 1 + j**2 - 4*j - j**3 + y*j**3 + 5*j. Let m(l) = 5*l + 29. Let q be m(-6). What is d(q)?
-2
Let c be 5/((-20)/(-12)) - 9. Let p(v) = -v**3 - 7*v**2 - 6*v. Calculate p(c).
0
Let k(p) = 11*p**2 - 2 - 3*p**2 - 7*p**2 + 6*p. Let m(b) = -6*b**2 - 2*b - 1. Let o be m(-1). What is k(o)?
-7
Let u(l) = -l - 1. Suppose -2*q - 5*j = -28, -20 = -0*q - 3*q - 2*j. Let c = q - 4. What is u(c)?
-1
Let k be 12*(-2 + (-6)/(-2)). Suppose 2*u = -u + k. Let d(t) = 2*t**2 + 2*t**3 + 9*t**2 - 2 - 3*t**3 - 6*t - u*t**2. Give d(6).
-2
Suppose 5 = 3*o - a, 5*a + 5 = 9*o - 4*o. Suppose 5*r - 4 + 11 = 2*d, -o*d = 3*r + 17. Let k(y) = 3*y + 1. Calculate k(r).
-8
Let s(x) be the first derivative of x**4/4 - x**2/2 - 10*x - 10. Give s(0).
-10
Let a(k) = -9 + 3*k**2 - 2*k - 9 + 17. What is a(2)?
7
Let l = -9 - -5. Let y(g) = g**2 + 3*g + 4. Give y(l).
8
Let p(b) = -11*b + 5*b + 4*b - 2 - 4. What is p(8)?
-22
Let f(p) be the first derivative of p**2 + 1. Let l(c) be the third derivative of -c**4/24 + c**3/3 + 3*c**2. Let t be l(1). Determine f(t).
2
Let u = -2 - -7. Suppose 4*m = -4*j + 12, 4*j - 15 = -u*m - 1. Let a(o) = -5*o + 3. Give a(m).
-7
Let c be (0 + -2 + 3)*1. Let f(p) = -2*p + 3*p - 2*p + 15*p**2. Give f(c).
14
Suppose 3*k + 2*y + 7 = 0, -11 = 2*y - 1. Let x(f) = 7*f**3 - 1. What is x(k)?
6
Let g(j) = 2*j + 14. Let w(o) = o + 7. Let t(s) = -6*g(s) + 11*w(s). What is t(-7)?
0
Let q be 4/(-3) + (-2)/3. Let g(b) = -5*b**3 + 8*b**2 + 8*b. Let v(w) = -2*w**3 + 3*w**2 + 3*w. Let x(z) = -3*g(z) + 8*v(z). Calculate x(q).
8
Let f(z) be the second derivative of z**5/20 + 2*z**4/3 + z**3/3 + 11*z**2/2 - 26*z. Calculate f(-8).
-5
Let g(p) = p**2 - 4*p + 2. Let q be g(4). Let b(m) = 3 - 8 - m**q + 2 - m - m. Determine b(-2).
-3
Let n be (1/(-3))/((-2)/(-12)). Let p(h) be the third derivative of h**5/60 + h**4/8 + h**3/3 + 5*h**2. Calculate p(n).
0
Let b(h) be the third derivative of h**8/6720 - h**7/2520 - h**6/360 - h**5/120 - h**4/12 - h**2. Let u(p) be the second derivative of b(p). Determine u(-1).
-1
Let v(z) = -z**2 - 161 - 160 + 313 - 7*z. Give v(-6).
-2
Let u(k) = 3*k**3 - 7*k**2 + k + 1. Let w(t) = 4*t**3 - 8*t**2 + t + 1. Let b(z) = 5*u(z) - 4*w(z). Determine b(-4).
13
Let l(c) = 2*c**2 + c + c**3 + 1 + 0*c**2 + 2*c. Let m = 1 - 1. Suppose m*a + 10 = -5*a. Determine l(a).
-5
Let u(y) = y + 2. Let h = 6 + 6. Suppose 3*x - h = x. Let d = 4 - x. Determine u(d).
0
Suppose 2*d + d - 45 = 5*m, -5*m + d - 35 = 0. Let b = m - -5. Let f be 4/6 - b/3. Let r(q) = 5*q - 1. Give r(f).
4
Let d(l) = l**3 + 4*l**2 + 3*l - 2. Suppose 5*i = -3*f - 21, i - 4*f = 6*i + 23. Calculate d(i).
-2
Let b(y) be the first derivative of y**2/2 + 3*y + 3. Let a(r) = r**3 + 4*r**2 + 4*r + 1. Let u be a(-3). Determine b(u).
1
Let s(a) = -a - 4. Let m be s(-5). Let u(w) = 8*w**3 - w. Calculate u(m).
7
Let a = 6 + -1. Suppose -a*f = -2*f - 21. Let k(i) = i**3 - 8*i**2 + 7*i + 5. Give k(f).
5
Let f(m) = m**3 + 7*m**2 - 2. Suppose -4*b = -9*b - 35. Let u be f(b). Let c(v) = -v + 1. Determine c(u).
3
Let o(h) = -h**3 - 3*h**2 + h - 1. Suppose 4*f = 4*d - 5*d + 67, 3*f - 33 = 5*d. Suppose f - 1 = -5*s. Calculate o(s).
-4
Let r(w) = -w - 8. Suppose -6 - 10 = -2*f. Calculate r(f).
-16
Let j(h) = -6*h - 2. Let b(p) = 5*p + 1. Let g(y) = 5*b(y) + 4*j(y). Let d(x) = -x**3 + 8*x**2 - 7*x + 3. Let t be d(7). What is g(t)?
0
Let i be 42/6 - 0/3. Let w(m) = 5 - 4 - 2 - i*m. Calculate w(-1).
6
Let g(r) be the second derivative of -r**4/12 - 7*r**3/6 + r**2/2 - 4*r. What is g(-6)?
7
Suppose 3*g = -0*l - l - 9, 3*l = -9. Let z(d) be the first derivative of -d**2/2 + d - 3. What is z(g)?
3
Let q(d) = d - 1. Let n(g) be the second derivative of -g**4/12 + g**3/3 - 9*g**2/2 + 5*g. Let m(i) = -n(i) + 6*q(i). Give m(-4).
3
Let t(a) be the second derivative of a**5/60 - a**4/24 - a**3/6 - 2*a. Let q(l) be the second derivative of t(l). Calculate q(-1).
-3
Let r = -8 + 6. Let n be (1 - (-4)/r)*-3. Let w(c) = -c**2 - 3*c + 4. Give w(n).
-14
Let p(z) = z**2 + z. Let k be p(-2). Let y(o) = o**2 - o. Let n(j) = -j**2 + j**2 + 3*j**2 + 7 - 10 - 5*j. Let t(d) = k*y(d) - n(d). Give t(3).
3
Let b(w) = -2*w**3 + w**2 - 2*w - 8. Let n(h) = -h**3 + 2*h**2 - 3*h - 7. Let g(m) = 2*b(m) - 3*n(m). Let l(v) = v**2 - 11*v + 5. Let z be l(10). Give g(z).
5
Let v = 11 + -8. Let a(j) = -18*j**3 + 0 + 0*j - 8*j**2 + 2*j - v. Let y(q) = 12*q**